{"id":43,"date":"2012-06-09T18:59:20","date_gmt":"2012-06-09T18:59:20","guid":{"rendered":"http:\/\/www.malawintar.de\/?page_id=43"},"modified":"2012-10-16T08:10:30","modified_gmt":"2012-10-16T08:10:30","slug":"uber-mich","status":"publish","type":"page","link":"http:\/\/www.malawintar.de\/?page_id=43","title":{"rendered":"\u00dcber mich"},"content":{"rendered":"<p><a href=\"http:\/\/www.malawintar.de\/wp-content\/uploads\/2012\/06\/Mala-Wintar-011.jpg\"><img loading=\"lazy\" class=\"alignnone size-medium wp-image-55\" title=\"Mala Wintar\" src=\"http:\/\/www.malawintar.de\/wp-content\/uploads\/2012\/06\/Mala-Wintar-011-300x300.jpg\" alt=\"\" width=\"300\" height=\"300\" srcset=\"http:\/\/www.malawintar.de\/wp-content\/uploads\/2012\/06\/Mala-Wintar-011-300x300.jpg 300w, http:\/\/www.malawintar.de\/wp-content\/uploads\/2012\/06\/Mala-Wintar-011-150x150.jpg 150w, http:\/\/www.malawintar.de\/wp-content\/uploads\/2012\/06\/Mala-Wintar-011.jpg 500w\" sizes=\"(max-width: 300px) 100vw, 300px\" \/><\/a><\/p>\n<p>In Friedrichshafen am Bodensee geboren wuchs ich zusammen mit zwei \u00e4lteren Br\u00fcdern in einer l\u00e4ndlichen Umgebung auf, die es uns erlaubte, auf B\u00e4ume zu klettern und mit Gummistiefeln im Bach herum zu waten.<\/p>\n<p>Die Vorliebe meiner Br\u00fcder, ihrer f\u00fcnfj\u00e4hrigen Schwester ab und an beschriftete<br \/>\nZettel auf den R\u00fccken zu kleben, befeuerte in mir den Wunsch, m\u00f6glichst rasch Lesen und Schreiben zu lernen (ich musste in der Lage sein, meine Rache angemessen zu gestalten).<\/p>\n<p>Nun war es mir m\u00f6glich, kleinere Geschichten, die ich mir hin und wieder ausdachte, aufzuschreiben. Von diesen Fr\u00fchwerken ist gl\u00fccklicherweise keines mehr erhalten.<\/p>\n<p>Davon abgesehen, machte mir das Malen immer besonders viel Freude. Schon im Vorschulalter war es mir wichtig, meine Umgebung mit eigenen Werken zu erfreuen. Hier eines meiner Bilder, das im Kindergarten entstand (das Thema war vorgegeben: der heilige Sankt Martin und der Bettler):<br \/>\n<a href=\"http:\/\/www.malawintar.de\/wp-content\/uploads\/2012\/06\/StMartin-001.jpg\"><img loading=\"lazy\" title=\"Sankt Martin (Wachsmalfarben)\" src=\"http:\/\/www.malawintar.de\/wp-content\/uploads\/2012\/06\/StMartin-001.jpg\" alt=\"\" width=\"498\" height=\"353\" \/><\/a><br \/>\nMan beachte den freundlichen Gesichtsausdruck und das ansprechende Mantelwappen des Heiligen. So sah f\u00fcr mich schon damals ein Held aus ;-).<\/p>\n<p>Sobald mein Vater meine musikalischen Neigungen entdeckte, wurden<br \/>\nmeine Aktivit\u00e4ten fr\u00fchzeitig in diese Richtung gelenkt und ich erhielt eine klassische<br \/>\nAusbildung in Fl\u00f6te, Klavier, Cembalo und Gesang.<br \/>\nIrgendwann zog es mich jedoch zum genauen Gegenteil hin: Heavy<br \/>\nMetal und Hard Rock. So schloss ich mich kurzerhand einer Rock\/Metal-,<br \/>\nund danach einer eher Rock\/Pop orientierten Coverband als Leads\u00e4ngerin an.<\/p>\n<p>Sp\u00e4ter, als ich den Bodenseeraum verlie\u00df, um den Studiengang\u00a0Kommunikations-Design belegen zu k\u00f6nnen, lie\u00df ich meine musikalischen Aktivit\u00e4ten geraume Zeit ruhen.<\/p>\n<p>Nach dem Abschluss des Studiums \u00fcbte ich meinen Beruf in Frankfurt, Mannheim und Umgebung aus, wo ich bis heute zusammen mit meinem Mann lebe. In meiner Freizeit besch\u00e4ftige ich mich neben dem Schreiben damit, zu zeichnen und am Computer zu komponieren.<\/p>\n<p>Meine zeichnerischen F\u00e4higkeiten haben seit Sankt Martin Fortschritte gemacht und was das Schreiben angeht; auch darin m\u00f6chte ich mich weiterhin verbessern.<br \/>\n<a href=\"http:\/\/www.malawintar.de\/wp-content\/uploads\/2012\/06\/Lok.jpg\"><img loading=\"lazy\" class=\"alignnone size-full wp-image-62\" title=\"Dampf (Kohlezeichnung auf Karton)\" src=\"http:\/\/www.malawintar.de\/wp-content\/uploads\/2012\/06\/Lok.jpg\" alt=\"\" width=\"417\" height=\"667\" srcset=\"http:\/\/www.malawintar.de\/wp-content\/uploads\/2012\/06\/Lok.jpg 417w, http:\/\/www.malawintar.de\/wp-content\/uploads\/2012\/06\/Lok-187x300.jpg 187w\" sizes=\"(max-width: 417px) 100vw, 417px\" \/><\/a><\/p>\n<p>Es ist wie eine Sucht. Kreativ arbeiten zu k\u00f6nnen bedeutet, mich lebendig zu f\u00fchlen.<\/p>\n<p>Hier geht es zum Interview auf dem B\u00fccherblog <a title=\"Interview\" href=\"http:\/\/www.leseleidenschaft.de\/w-w-w\/interview-mala-wintar\/\" target=\"_blank\">Leseleidenschaft<\/a><\/p>\n","protected":false},"excerpt":{"rendered":"<p>In Friedrichshafen am Bodensee geboren wuchs ich zusammen mit zwei \u00e4lteren Br\u00fcdern in einer l\u00e4ndlichen Umgebung auf, die es uns erlaubte, auf B\u00e4ume zu klettern und mit Gummistiefeln im Bach herum zu waten. Die Vorliebe meiner Br\u00fcder, ihrer f\u00fcnfj\u00e4hrigen Schwester &hellip; <a href=\"http:\/\/www.malawintar.de\/?page_id=43\">Weiterlesen <span class=\"meta-nav\">&rarr;<\/span><\/a><\/p>\n","protected":false},"author":1,"featured_media":0,"parent":0,"menu_order":4,"comment_status":"closed","ping_status":"closed","template":"","meta":[],"_links":{"self":[{"href":"http:\/\/www.malawintar.de\/index.php?rest_route=\/wp\/v2\/pages\/43"}],"collection":[{"href":"http:\/\/www.malawintar.de\/index.php?rest_route=\/wp\/v2\/pages"}],"about":[{"href":"http:\/\/www.malawintar.de\/index.php?rest_route=\/wp\/v2\/types\/page"}],"author":[{"embeddable":true,"href":"http:\/\/www.malawintar.de\/index.php?rest_route=\/wp\/v2\/users\/1"}],"replies":[{"embeddable":true,"href":"http:\/\/www.malawintar.de\/index.php?rest_route=%2Fwp%2Fv2%2Fcomments&post=43"}],"version-history":[{"count":39,"href":"http:\/\/www.malawintar.de\/index.php?rest_route=\/wp\/v2\/pages\/43\/revisions"}],"predecessor-version":[{"id":47,"href":"http:\/\/www.malawintar.de\/index.php?rest_route=\/wp\/v2\/pages\/43\/revisions\/47"}],"wp:attachment":[{"href":"http:\/\/www.malawintar.de\/index.php?rest_route=%2Fwp%2Fv2%2Fmedia&parent=43"}],"curies":[{"name":"wp","href":"https:\/\/api.w.org\/{rel}","templated":true}]}}

Über mich

<p><a href="http://www.malawintar.de/wp-content/uploads/2012/06/Mala-Wintar-011.jpg"><img loading="lazy" class="alignnone size-medium wp-image-55" title="Mala Wintar" src="http://www.malawintar.de/wp-content/uploads/2012/06/Mala-Wintar-011-300x300.jpg" alt="" width="300" height="300" srcset="http://www.malawintar.de/wp-content/uploads/2012/06/Mala-Wintar-011-300x300.jpg 300w, http://www.malawintar.de/wp-content/uploads/2012/06/Mala-Wintar-011-150x150.jpg 150w, http://www.malawintar.de/wp-content/uploads/2012/06/Mala-Wintar-011.jpg 500w" sizes="(max-width: 300px) 100vw, 300px" /></a></p>
<p>In Friedrichshafen am Bodensee geboren wuchs ich zusammen mit zwei älteren Brüdern in einer ländlichen Umgebung auf, die es uns erlaubte, auf Bäume zu klettern und mit Gummistiefeln im Bach herum zu waten.</p>
<p>Die Vorliebe meiner Brüder, ihrer fünfjährigen Schwester ab und an beschriftete<br />
Zettel auf den Rücken zu kleben, befeuerte in mir den Wunsch, möglichst rasch Lesen und Schreiben zu lernen (ich musste in der Lage sein, meine Rache angemessen zu gestalten).</p>
<p>Nun war es mir möglich, kleinere Geschichten, die ich mir hin und wieder ausdachte, aufzuschreiben. Von diesen Frühwerken ist glücklicherweise keines mehr erhalten.</p>
<p>Davon abgesehen, machte mir das Malen immer besonders viel Freude. Schon im Vorschulalter war es mir wichtig, meine Umgebung mit eigenen Werken zu erfreuen. Hier eines meiner Bilder, das im Kindergarten entstand (das Thema war vorgegeben: der heilige Sankt Martin und der Bettler):<br />
<a href="http://www.malawintar.de/wp-content/uploads/2012/06/StMartin-001.jpg"><img loading="lazy" title="Sankt Martin (Wachsmalfarben)" src="http://www.malawintar.de/wp-content/uploads/2012/06/StMartin-001.jpg" alt="" width="498" height="353" /></a><br />
Man beachte den freundlichen Gesichtsausdruck und das ansprechende Mantelwappen des Heiligen. So sah für mich schon damals ein Held aus ;-).</p>
<p>Sobald mein Vater meine musikalischen Neigungen entdeckte, wurden<br />
meine Aktivitäten frühzeitig in diese Richtung gelenkt und ich erhielt eine klassische<br />
Ausbildung in Flöte, Klavier, Cembalo und Gesang.<br />
Irgendwann zog es mich jedoch zum genauen Gegenteil hin: Heavy<br />
Metal und Hard Rock. So schloss ich mich kurzerhand einer Rock/Metal-,<br />
und danach einer eher Rock/Pop orientierten Coverband als Leadsängerin an.</p>
<p>Später, als ich den Bodenseeraum verließ, um den Studiengang Kommunikations-Design belegen zu können, ließ ich meine musikalischen Aktivitäten geraume Zeit ruhen.</p>
<p>Nach dem Abschluss des Studiums übte ich meinen Beruf in Frankfurt, Mannheim und Umgebung aus, wo ich bis heute zusammen mit meinem Mann lebe. In meiner Freizeit beschäftige ich mich neben dem Schreiben damit, zu zeichnen und am Computer zu komponieren.</p>
<p>Meine zeichnerischen Fähigkeiten haben seit Sankt Martin Fortschritte gemacht und was das Schreiben angeht; auch darin möchte ich mich weiterhin verbessern.<br />
<a href="http://www.malawintar.de/wp-content/uploads/2012/06/Lok.jpg"><img loading="lazy" class="alignnone size-full wp-image-62" title="Dampf (Kohlezeichnung auf Karton)" src="http://www.malawintar.de/wp-content/uploads/2012/06/Lok.jpg" alt="" width="417" height="667" srcset="http://www.malawintar.de/wp-content/uploads/2012/06/Lok.jpg 417w, http://www.malawintar.de/wp-content/uploads/2012/06/Lok-187x300.jpg 187w" sizes="(max-width: 417px) 100vw, 417px" /></a></p>
<p>Es ist wie eine Sucht. Kreativ arbeiten zu können bedeutet, mich lebendig zu fühlen.</p>
<p>Hier geht es zum Interview auf dem Bücherblog <a title="Interview" href="http://www.leseleidenschaft.de/w-w-w/interview-mala-wintar/" target="_blank">Leseleidenschaft</a></p>

<p>In Friedrichshafen am Bodensee geboren wuchs ich zusammen mit zwei älteren Brüdern in einer ländlichen Umgebung auf, die es uns erlaubte, auf Bäume zu klettern und mit Gummistiefeln im Bach herum zu waten. Die Vorliebe meiner Brüder, ihrer fünfjährigen Schwester &hellip; <a href="http://www.malawintar.de/?page_id=43">Weiterlesen <span class="meta-nav">&rarr;</span></a></p>
