{"id":263,"date":"2013-10-09T22:49:56","date_gmt":"2013-10-09T22:49:56","guid":{"rendered":"http:\/\/www.malawintar.de\/?page_id=263"},"modified":"2013-11-09T00:33:35","modified_gmt":"2013-11-09T00:33:35","slug":"ort-der-angst-mystery","status":"publish","type":"page","link":"http:\/\/www.malawintar.de\/?page_id=263","title":{"rendered":"Ort der Angst (Mystery)"},"content":{"rendered":"<p>Kurzbeschreibung:<br \/>\nEnde des 15. Jahrhunderts k\u00e4mpft der Mayak\u00f6nig Ek Balam auf der Halbinsel Yucat\u00e1n um das \u00dcberleben seines Volkes und bittet die G\u00f6tter um Rat. Nur wenig sp\u00e4ter bahnt sich eine Trag\u00f6die an, deren Auswirkungen bis ins 21. Jahrhundert reichen.<\/p>\n<p><a href=\"http:\/\/www.malawintar.de\/wp-content\/uploads\/2013\/10\/Cover_OrtDerAngst_EBook_003.jpg\"><img loading=\"lazy\" class=\"alignnone  wp-image-264\" title=\"Cover &quot;Ort der Angst&quot;\" src=\"http:\/\/www.malawintar.de\/wp-content\/uploads\/2013\/10\/Cover_OrtDerAngst_EBook_003.jpg\" alt=\"\" width=\"1500\" height=\"2400\" srcset=\"http:\/\/www.malawintar.de\/wp-content\/uploads\/2013\/10\/Cover_OrtDerAngst_EBook_003.jpg 1500w, http:\/\/www.malawintar.de\/wp-content\/uploads\/2013\/10\/Cover_OrtDerAngst_EBook_003-187x300.jpg 187w, http:\/\/www.malawintar.de\/wp-content\/uploads\/2013\/10\/Cover_OrtDerAngst_EBook_003-640x1024.jpg 640w\" sizes=\"(max-width: 1500px) 100vw, 1500px\" \/><\/a><\/p>\n<p><a title=\"Ort der Angst\" href=\"http:\/\/www.amazon.de\/Ort-der-Angst-ebook\/dp\/B00FQVBLEC\/ref=sr_1_3?s=digital-text&amp;ie=UTF8&amp;qid=1381363133&amp;sr=1-3&amp;keywords=mala+wintar\" target=\"_blank\">Ort der Angst<\/a> ist bei Amazon als Taschenbuch und E-Book erh\u00e4ltlich.<\/p>\n<p>Trailer:<\/p>\n<p><iframe loading=\"lazy\" width=\"584\" height=\"438\" src=\"http:\/\/www.youtube.com\/embed\/JAHBym-0LKo?feature=oembed\" frameborder=\"0\" allowfullscreen><\/iframe><\/p>\n<p>Musik:<br \/>\nTweakerRay &#8211; <a title=\"Getting Ready\" href=\"http:\/\/www.youtube.com\/watch?annotation_id=annotation_2836096331&amp;feature=iv&amp;src_vid=JAHBym-0LKo&amp;v=IyHESsnpSJM\" target=\"_blank\">Getting Ready<\/a><br \/>\n(Von der &#8222;Bit&#8217;s and pieces Vol. 1&#8220; EP)<br \/>\n<a title=\"TweakerRay Homepage\" href=\"http:\/\/www.tweakerray.de\" target=\"_blank\">http:\/\/www.tweakerray.de<\/a><\/p>\n","protected":false},"excerpt":{"rendered":"<p>Kurzbeschreibung: Ende des 15. Jahrhunderts k\u00e4mpft der Mayak\u00f6nig Ek Balam auf der Halbinsel Yucat\u00e1n um das \u00dcberleben seines Volkes und bittet die G\u00f6tter um Rat. Nur wenig sp\u00e4ter bahnt sich eine Trag\u00f6die an, deren Auswirkungen bis ins 21. Jahrhundert reichen. &hellip; <a href=\"http:\/\/www.malawintar.de\/?page_id=263\">Weiterlesen <span class=\"meta-nav\">&rarr;<\/span><\/a><\/p>\n","protected":false},"author":1,"featured_media":0,"parent":0,"menu_order":0,"comment_status":"closed","ping_status":"closed","template":"","meta":[],"_links":{"self":[{"href":"http:\/\/www.malawintar.de\/index.php?rest_route=\/wp\/v2\/pages\/263"}],"collection":[{"href":"http:\/\/www.malawintar.de\/index.php?rest_route=\/wp\/v2\/pages"}],"about":[{"href":"http:\/\/www.malawintar.de\/index.php?rest_route=\/wp\/v2\/types\/page"}],"author":[{"embeddable":true,"href":"http:\/\/www.malawintar.de\/index.php?rest_route=\/wp\/v2\/users\/1"}],"replies":[{"embeddable":true,"href":"http:\/\/www.malawintar.de\/index.php?rest_route=%2Fwp%2Fv2%2Fcomments&post=263"}],"version-history":[{"count":14,"href":"http:\/\/www.malawintar.de\/index.php?rest_route=\/wp\/v2\/pages\/263\/revisions"}],"predecessor-version":[{"id":285,"href":"http:\/\/www.malawintar.de\/index.php?rest_route=\/wp\/v2\/pages\/263\/revisions\/285"}],"wp:attachment":[{"href":"http:\/\/www.malawintar.de\/index.php?rest_route=%2Fwp%2Fv2%2Fmedia&parent=263"}],"curies":[{"name":"wp","href":"https:\/\/api.w.org\/{rel}","templated":true}]}}

<p>Kurzbeschreibung:<br />
Ende des 15. Jahrhunderts kämpft der Mayakönig Ek Balam auf der Halbinsel Yucatán um das Überleben seines Volkes und bittet die Götter um Rat. Nur wenig später bahnt sich eine Tragödie an, deren Auswirkungen bis ins 21. Jahrhundert reichen.</p>
<p><a href="http://www.malawintar.de/wp-content/uploads/2013/10/Cover_OrtDerAngst_EBook_003.jpg"><img loading="lazy" class="alignnone  wp-image-264" title="Cover &quot;Ort der Angst&quot;" src="http://www.malawintar.de/wp-content/uploads/2013/10/Cover_OrtDerAngst_EBook_003.jpg" alt="" width="1500" height="2400" srcset="http://www.malawintar.de/wp-content/uploads/2013/10/Cover_OrtDerAngst_EBook_003.jpg 1500w, http://www.malawintar.de/wp-content/uploads/2013/10/Cover_OrtDerAngst_EBook_003-187x300.jpg 187w, http://www.malawintar.de/wp-content/uploads/2013/10/Cover_OrtDerAngst_EBook_003-640x1024.jpg 640w" sizes="(max-width: 1500px) 100vw, 1500px" /></a></p>
<p><a title="Ort der Angst" href="http://www.amazon.de/Ort-der-Angst-ebook/dp/B00FQVBLEC/ref=sr_1_3?s=digital-text&amp;ie=UTF8&amp;qid=1381363133&amp;sr=1-3&amp;keywords=mala+wintar" target="_blank">Ort der Angst</a> ist bei Amazon als Taschenbuch und E-Book erhältlich.</p>
<p>Trailer:</p>
<p><iframe loading="lazy" width="584" height="438" src="http://www.youtube.com/embed/JAHBym-0LKo?feature=oembed" frameborder="0" allowfullscreen></iframe></p>
<p>Musik:<br />
TweakerRay &#8211; <a title="Getting Ready" href="http://www.youtube.com/watch?annotation_id=annotation_2836096331&amp;feature=iv&amp;src_vid=JAHBym-0LKo&amp;v=IyHESsnpSJM" target="_blank">Getting Ready</a><br />
(Von der &#8222;Bit&#8217;s and pieces Vol. 1&#8220; EP)<br />
<a title="TweakerRay Homepage" href="http://www.tweakerray.de" target="_blank">http://www.tweakerray.de</a></p>

<p>Kurzbeschreibung: Ende des 15. Jahrhunderts kämpft der Mayakönig Ek Balam auf der Halbinsel Yucatán um das Überleben seines Volkes und bittet die Götter um Rat. Nur wenig später bahnt sich eine Tragödie an, deren Auswirkungen bis ins 21. Jahrhundert reichen. &hellip; <a href="http://www.malawintar.de/?page_id=263">Weiterlesen <span class="meta-nav">&rarr;</span></a></p>
