{"id":177,"date":"2012-08-14T11:37:30","date_gmt":"2012-08-14T11:37:30","guid":{"rendered":"http:\/\/www.malawintar.de\/?page_id=177"},"modified":"2014-08-21T17:01:57","modified_gmt":"2014-08-21T17:01:57","slug":"wie-ein-schwarzer-spiegel-mystery","status":"publish","type":"page","link":"http:\/\/www.malawintar.de\/?page_id=177","title":{"rendered":"Wie ein schwarzer Spiegel (Mystery)"},"content":{"rendered":"<p>Kurzbeschreibung:<br \/>\nBewundernde Blicke, Blitzlichtgewitter und atemberaubende Garderobe; Lita w\u00fcnscht sich nichts sehnlicher, als Fotomodell zu werden und selbst in die Welt des sch\u00f6nen Scheins einzutauchen. Als sie auf einer Benefizveranstaltung dem Modedesigner Marcel Mahren begegnet, scheint dieses Ziel in greifbare N\u00e4he zu r\u00fccken. Doch schon bald entwickelt sich das, was sie f\u00fcr die bisher gr\u00f6\u00dfte Chance ihres Lebens hielt, zu einem Alptraum.<\/p>\n<p><a href=\"http:\/\/www.malawintar.de\/wp-content\/uploads\/2012\/08\/Spiegel-Cover-003.jpg\"><img loading=\"lazy\" class=\"alignnone  wp-image-236\" title=\"Cover &quot;Wie ein schwarzer Spiegel&quot;\" src=\"http:\/\/www.malawintar.de\/wp-content\/uploads\/2012\/08\/Spiegel-Cover-003.jpg\" alt=\"\" width=\"1748\" height=\"2480\" srcset=\"http:\/\/www.malawintar.de\/wp-content\/uploads\/2012\/08\/Spiegel-Cover-003.jpg 1748w, http:\/\/www.malawintar.de\/wp-content\/uploads\/2012\/08\/Spiegel-Cover-003-211x300.jpg 211w, http:\/\/www.malawintar.de\/wp-content\/uploads\/2012\/08\/Spiegel-Cover-003-721x1024.jpg 721w\" sizes=\"(max-width: 1748px) 100vw, 1748px\" \/><\/a><\/p>\n<p><a href=\"http:\/\/www.amazon.de\/Wie-ein-schwarzer-Spiegel-ebook\/dp\/B008XNW1QM\/ref=sr_1_3?ie=UTF8&amp;qid=1345010229&amp;sr=8-3\" target=\"_blank\">Wie ein schwarzer Spiegel<\/a> ist bei Amazon als Taschenbuch und E-Book erh\u00e4ltlich.<\/p>\n<p><strong>NEU!!<\/strong>! Jetzt auch als <a title=\"Link zum H\u00f6rbuch\" href=\"https:\/\/malawintar.bandcamp.com\/album\/wie-ein-schwarzer-spiegel-mit-musik-von-tweakerray\" target=\"_blank\">H\u00f6rbuch:<br \/>\n<\/a><a title=\"Link zum H\u00f6rbuch\" href=\"https:\/\/malawintar.bandcamp.com\/album\/wie-ein-schwarzer-spiegel-mit-musik-von-tweakerray\" target=\"_blank\"><img loading=\"lazy\" class=\"alignnone size-full wp-image-298\" src=\"http:\/\/www.malawintar.de\/wp-content\/uploads\/2012\/08\/a1487329091_2.jpg\" alt=\"a1487329091_2\" width=\"350\" height=\"350\" srcset=\"http:\/\/www.malawintar.de\/wp-content\/uploads\/2012\/08\/a1487329091_2.jpg 350w, http:\/\/www.malawintar.de\/wp-content\/uploads\/2012\/08\/a1487329091_2-150x150.jpg 150w, http:\/\/www.malawintar.de\/wp-content\/uploads\/2012\/08\/a1487329091_2-300x300.jpg 300w\" sizes=\"(max-width: 350px) 100vw, 350px\" \/><\/a><br \/>\nSprecher: TweakerRay und Icy Phoenix<br \/>\nH\u00f6rprobe: <iframe loading=\"lazy\" style=\"border: 0; width: 100%; height: 42px;\" src=\"https:\/\/bandcamp.com\/EmbeddedPlayer\/album=1264066023\/size=small\/bgcol=ffffff\/linkcol=0687f5\/track=4193272293\/transparent=true\/\" width=\"300\" height=\"150\" seamless=\"\"><a href=\"http:\/\/malawintar.bandcamp.com\/album\/wie-ein-schwarzer-spiegel-mit-musik-von-tweakerray\">Wie Ein Schwarzer Spiegel (Mit Musik von TweakerRay) by Mala Wintar<\/a><\/iframe><br \/>\nDen kompletten <a title=\"Link zum Soundtrack\" href=\"https:\/\/tweakerray.bandcamp.com\/album\/wie-ein-schwarzer-spiegel-score\" target=\"_blank\">Soundtrack<\/a> zum H\u00f6rbuch (komponiert und produziert von <a title=\"Homepage TweakerRay\" href=\"http:\/\/www.tweakerray.de\" target=\"_blank\">TweakerRay<\/a>) gibt es auf <a title=\"Soundtrack zum H\u00f6rbuch &quot;Wie Ein Schwarzer Spiegel&quot;\" href=\"https:\/\/tweakerray.bandcamp.com\/album\/wie-ein-schwarzer-spiegel-score\" target=\"_blank\">bandcamp.com<\/a><\/p>\n<p>Trailer:<\/p>\n<p><iframe loading=\"lazy\" width=\"584\" height=\"438\" src=\"http:\/\/www.youtube.com\/embed\/7gBlrA-mDcY?feature=oembed\" frameborder=\"0\" allowfullscreen><\/iframe><\/p>\n<p>Der im Trailer verwendete Musiktitel <a href=\"http:\/\/www.amazon.de\/Fight-Back\/dp\/B008U20XLQ\/ref=sr_1_2?ie=UTF8&amp;qid=1345012678&amp;sr=8-2\" target=\"_blank\">Fight Back<\/a><br \/>\nstammt von der CD <a href=\"http:\/\/www.tweakerray.de\/tc02cd.html\" target=\"_blank\">The Collector Chapter 02<\/a> komponiert und produziert von TweakerRay.<\/p>\n<p>&#8222;Wie ein schwarzer Spiegel&#8220; wurde auf der B\u00fccherblogseite <a href=\"http:\/\/www.leseleidenschaft.de\/rezension-wie-ein-schwarzer-spiegel-von-mala-wintar\/\" target=\"_blank\">www.leseleidenschaft.de <\/a>rezensiert. Ein ganz gro\u00dfes Dankesch\u00f6n an buecherloewe f\u00fcr die sagenhafte Wertung!<\/p>\n<p>&nbsp;<\/p>\n","protected":false},"excerpt":{"rendered":"<p>Kurzbeschreibung: Bewundernde Blicke, Blitzlichtgewitter und atemberaubende Garderobe; Lita w\u00fcnscht sich nichts sehnlicher, als Fotomodell zu werden und selbst in die Welt des sch\u00f6nen Scheins einzutauchen. Als sie auf einer Benefizveranstaltung dem Modedesigner Marcel Mahren begegnet, scheint dieses Ziel in greifbare &hellip; <a href=\"http:\/\/www.malawintar.de\/?page_id=177\">Weiterlesen <span class=\"meta-nav\">&rarr;<\/span><\/a><\/p>\n","protected":false},"author":1,"featured_media":0,"parent":0,"menu_order":2,"comment_status":"closed","ping_status":"closed","template":"","meta":[],"_links":{"self":[{"href":"http:\/\/www.malawintar.de\/index.php?rest_route=\/wp\/v2\/pages\/177"}],"collection":[{"href":"http:\/\/www.malawintar.de\/index.php?rest_route=\/wp\/v2\/pages"}],"about":[{"href":"http:\/\/www.malawintar.de\/index.php?rest_route=\/wp\/v2\/types\/page"}],"author":[{"embeddable":true,"href":"http:\/\/www.malawintar.de\/index.php?rest_route=\/wp\/v2\/users\/1"}],"replies":[{"embeddable":true,"href":"http:\/\/www.malawintar.de\/index.php?rest_route=%2Fwp%2Fv2%2Fcomments&post=177"}],"version-history":[{"count":23,"href":"http:\/\/www.malawintar.de\/index.php?rest_route=\/wp\/v2\/pages\/177\/revisions"}],"predecessor-version":[{"id":304,"href":"http:\/\/www.malawintar.de\/index.php?rest_route=\/wp\/v2\/pages\/177\/revisions\/304"}],"wp:attachment":[{"href":"http:\/\/www.malawintar.de\/index.php?rest_route=%2Fwp%2Fv2%2Fmedia&parent=177"}],"curies":[{"name":"wp","href":"https:\/\/api.w.org\/{rel}","templated":true}]}}

<p>Kurzbeschreibung:<br />
Bewundernde Blicke, Blitzlichtgewitter und atemberaubende Garderobe; Lita wünscht sich nichts sehnlicher, als Fotomodell zu werden und selbst in die Welt des schönen Scheins einzutauchen. Als sie auf einer Benefizveranstaltung dem Modedesigner Marcel Mahren begegnet, scheint dieses Ziel in greifbare Nähe zu rücken. Doch schon bald entwickelt sich das, was sie für die bisher größte Chance ihres Lebens hielt, zu einem Alptraum.</p>
<p><a href="http://www.malawintar.de/wp-content/uploads/2012/08/Spiegel-Cover-003.jpg"><img loading="lazy" class="alignnone  wp-image-236" title="Cover &quot;Wie ein schwarzer Spiegel&quot;" src="http://www.malawintar.de/wp-content/uploads/2012/08/Spiegel-Cover-003.jpg" alt="" width="1748" height="2480" srcset="http://www.malawintar.de/wp-content/uploads/2012/08/Spiegel-Cover-003.jpg 1748w, http://www.malawintar.de/wp-content/uploads/2012/08/Spiegel-Cover-003-211x300.jpg 211w, http://www.malawintar.de/wp-content/uploads/2012/08/Spiegel-Cover-003-721x1024.jpg 721w" sizes="(max-width: 1748px) 100vw, 1748px" /></a></p>
<p><a href="http://www.amazon.de/Wie-ein-schwarzer-Spiegel-ebook/dp/B008XNW1QM/ref=sr_1_3?ie=UTF8&amp;qid=1345010229&amp;sr=8-3" target="_blank">Wie ein schwarzer Spiegel</a> ist bei Amazon als Taschenbuch und E-Book erhältlich.</p>
<p><strong>NEU!!</strong>! Jetzt auch als <a title="Link zum Hörbuch" href="https://malawintar.bandcamp.com/album/wie-ein-schwarzer-spiegel-mit-musik-von-tweakerray" target="_blank">Hörbuch:<br />
</a><a title="Link zum Hörbuch" href="https://malawintar.bandcamp.com/album/wie-ein-schwarzer-spiegel-mit-musik-von-tweakerray" target="_blank"><img loading="lazy" class="alignnone size-full wp-image-298" src="http://www.malawintar.de/wp-content/uploads/2012/08/a1487329091_2.jpg" alt="a1487329091_2" width="350" height="350" srcset="http://www.malawintar.de/wp-content/uploads/2012/08/a1487329091_2.jpg 350w, http://www.malawintar.de/wp-content/uploads/2012/08/a1487329091_2-150x150.jpg 150w, http://www.malawintar.de/wp-content/uploads/2012/08/a1487329091_2-300x300.jpg 300w" sizes="(max-width: 350px) 100vw, 350px" /></a><br />
Sprecher: TweakerRay und Icy Phoenix<br />
Hörprobe: <iframe loading="lazy" style="border: 0; width: 100%; height: 42px;" src="https://bandcamp.com/EmbeddedPlayer/album=1264066023/size=small/bgcol=ffffff/linkcol=0687f5/track=4193272293/transparent=true/" width="300" height="150" seamless=""><a href="http://malawintar.bandcamp.com/album/wie-ein-schwarzer-spiegel-mit-musik-von-tweakerray">Wie Ein Schwarzer Spiegel (Mit Musik von TweakerRay) by Mala Wintar</a></iframe><br />
Den kompletten <a title="Link zum Soundtrack" href="https://tweakerray.bandcamp.com/album/wie-ein-schwarzer-spiegel-score" target="_blank">Soundtrack</a> zum Hörbuch (komponiert und produziert von <a title="Homepage TweakerRay" href="http://www.tweakerray.de" target="_blank">TweakerRay</a>) gibt es auf <a title="Soundtrack zum Hörbuch &quot;Wie Ein Schwarzer Spiegel&quot;" href="https://tweakerray.bandcamp.com/album/wie-ein-schwarzer-spiegel-score" target="_blank">bandcamp.com</a></p>
<p>Trailer:</p>
<p><iframe loading="lazy" width="584" height="438" src="http://www.youtube.com/embed/7gBlrA-mDcY?feature=oembed" frameborder="0" allowfullscreen></iframe></p>
<p>Der im Trailer verwendete Musiktitel <a href="http://www.amazon.de/Fight-Back/dp/B008U20XLQ/ref=sr_1_2?ie=UTF8&amp;qid=1345012678&amp;sr=8-2" target="_blank">Fight Back</a><br />
stammt von der CD <a href="http://www.tweakerray.de/tc02cd.html" target="_blank">The Collector Chapter 02</a> komponiert und produziert von TweakerRay.</p>
<p>&#8222;Wie ein schwarzer Spiegel&#8220; wurde auf der Bücherblogseite <a href="http://www.leseleidenschaft.de/rezension-wie-ein-schwarzer-spiegel-von-mala-wintar/" target="_blank">www.leseleidenschaft.de </a>rezensiert. Ein ganz großes Dankeschön an buecherloewe für die sagenhafte Wertung!</p>
<p>&nbsp;</p>

<p>Kurzbeschreibung: Bewundernde Blicke, Blitzlichtgewitter und atemberaubende Garderobe; Lita wünscht sich nichts sehnlicher, als Fotomodell zu werden und selbst in die Welt des schönen Scheins einzutauchen. Als sie auf einer Benefizveranstaltung dem Modedesigner Marcel Mahren begegnet, scheint dieses Ziel in greifbare &hellip; <a href="http://www.malawintar.de/?page_id=177">Weiterlesen <span class="meta-nav">&rarr;</span></a></p>
