{"id":15,"date":"2012-06-09T18:59:12","date_gmt":"2012-06-09T18:59:12","guid":{"rendered":"http:\/\/www.malawintar.de\/?page_id=15"},"modified":"2013-10-09T22:59:31","modified_gmt":"2013-10-09T22:59:31","slug":"die-sunde-zu-erben","status":"publish","type":"page","link":"http:\/\/www.malawintar.de\/?page_id=15","title":{"rendered":"Die S\u00fcnde zu erben (Krimi)"},"content":{"rendered":"<p class=\"hide-if-no-js\">Der Kriminalroman &#8222;Die S\u00fcnde zu erben&#8220; ist mein Erstlingswerk. Ausl\u00f6ser war eine bis dato nicht existente Szene, die mir pl\u00f6tzlich in den Kopf geschossen ist. Ein Trichter und Klebeband spielen dabei eine wichtige Rolle. Mehr will ich nicht verraten, aber dieses Bild ging mir nicht mehr aus dem Sinn. Ich stellte mir vor, wie es dazu gekommen sein k\u00f6nnte. Die Grundidee war geboren.<\/p>\n<p><a href=\"http:\/\/www.malawintar.de\/wp-content\/uploads\/2012\/06\/Suende-Cover-final.jpg\"><img loading=\"lazy\" class=\"alignnone size-full wp-image-219\" title=\"Suende Cover final\" src=\"http:\/\/www.malawintar.de\/wp-content\/uploads\/2012\/06\/Suende-Cover-final.jpg\" alt=\"\" width=\"864\" height=\"1225\" srcset=\"http:\/\/www.malawintar.de\/wp-content\/uploads\/2012\/06\/Suende-Cover-final.jpg 864w, http:\/\/www.malawintar.de\/wp-content\/uploads\/2012\/06\/Suende-Cover-final-211x300.jpg 211w, http:\/\/www.malawintar.de\/wp-content\/uploads\/2012\/06\/Suende-Cover-final-722x1024.jpg 722w\" sizes=\"(max-width: 864px) 100vw, 864px\" \/><\/a><\/p>\n<p>Kurzbeschreibung:<br \/>\nEin bekannter Forscher wird in seiner Villa ermordet. Die Art und Weise, in der man seinen verst\u00fcmmelten Leichnam auffindet, gibt der Polizei R\u00e4tsel auf. Der Ermordete war in leitender Position an einem Forschungsunternehmen t\u00e4tig, das erst kurz zuvor in einen Skandal verwickelt war, der durch die Medien ging. Kommissarin Tanja Dorn und ihre Kollegen werden angehalten, den Fall m\u00f6glichst rasch und diskret abzuschlie\u00dfen. Keine leichte Aufgabe f\u00fcr Tanja Dorn, denn Diplomatie z\u00e4hlt nicht unbedingt zu ihren St\u00e4rken. Das macht sich im Umgang mit ihrem neuen Vorgesetzten bemerkbar und gipfelt darin, dass es ihr schon bald gelingt, einen einflussreichen Mann vor den Kopf zu sto\u00dfen, den sie als wichtigen Zeugen in ihren Ermittlungen befragen soll.<\/p>\n<p><a href=\"http:\/\/www.amazon.de\/Die-S%C3%BCnde-zu-erben-ebook\/dp\/B006WA6GEG\/ref=ntt_at_ep_dpt_1\" target=\"_blank\">Die S\u00fcnde zu erben<\/a> ist bei Amazon als Taschenbuch und E-Book erh\u00e4ltlich.<\/p>\n<p>H\u00f6rprobe (Kapitel 1):<br \/>\n<iframe loading=\"lazy\" width=\"584\" height=\"438\" src=\"http:\/\/www.youtube.com\/embed\/9meDSETZB1s?feature=oembed\" frameborder=\"0\" allowfullscreen><\/iframe><\/p>\n<p>Trailer:<br \/>\n<iframe loading=\"lazy\" width=\"584\" height=\"438\" src=\"http:\/\/www.youtube.com\/embed\/ZU4pr8_VDno?feature=oembed\" frameborder=\"0\" allowfullscreen><\/iframe><\/p>\n<p>Tanja, die Protagonistin dieser Geschichte, ist mir ans Herz gewachsen. Daher soll es einen weiteren Krimi mit dieser Figur geben. Die Fertigstellung des Folgeromans wird noch geraume Zeit in Anspruch nehmen, aber ich arbeite daran.<\/p>\n<p><a href=\"http:\/\/www.malawintar.de\/wp-content\/uploads\/2012\/06\/Wintar-Typo.jpg\"><img loading=\"lazy\" class=\"alignnone size-full wp-image-51\" title=\"Visual Typo.indd\" src=\"http:\/\/www.malawintar.de\/wp-content\/uploads\/2012\/06\/Wintar-Typo.jpg\" alt=\"\" width=\"1701\" height=\"771\" srcset=\"http:\/\/www.malawintar.de\/wp-content\/uploads\/2012\/06\/Wintar-Typo.jpg 1701w, http:\/\/www.malawintar.de\/wp-content\/uploads\/2012\/06\/Wintar-Typo-300x135.jpg 300w, http:\/\/www.malawintar.de\/wp-content\/uploads\/2012\/06\/Wintar-Typo-1024x464.jpg 1024w, http:\/\/www.malawintar.de\/wp-content\/uploads\/2012\/06\/Wintar-Typo-500x226.jpg 500w\" sizes=\"(max-width: 1701px) 100vw, 1701px\" \/><\/a><\/p>\n<p>&nbsp;<\/p>\n","protected":false},"excerpt":{"rendered":"<p>Der Kriminalroman &#8222;Die S\u00fcnde zu erben&#8220; ist mein Erstlingswerk. Ausl\u00f6ser war eine bis dato nicht existente Szene, die mir pl\u00f6tzlich in den Kopf geschossen ist. Ein Trichter und Klebeband spielen dabei eine wichtige Rolle. Mehr will ich nicht verraten, aber &hellip; <a href=\"http:\/\/www.malawintar.de\/?page_id=15\">Weiterlesen <span class=\"meta-nav\">&rarr;<\/span><\/a><\/p>\n","protected":false},"author":1,"featured_media":26,"parent":0,"menu_order":3,"comment_status":"closed","ping_status":"closed","template":"","meta":[],"_links":{"self":[{"href":"http:\/\/www.malawintar.de\/index.php?rest_route=\/wp\/v2\/pages\/15"}],"collection":[{"href":"http:\/\/www.malawintar.de\/index.php?rest_route=\/wp\/v2\/pages"}],"about":[{"href":"http:\/\/www.malawintar.de\/index.php?rest_route=\/wp\/v2\/types\/page"}],"author":[{"embeddable":true,"href":"http:\/\/www.malawintar.de\/index.php?rest_route=\/wp\/v2\/users\/1"}],"replies":[{"embeddable":true,"href":"http:\/\/www.malawintar.de\/index.php?rest_route=%2Fwp%2Fv2%2Fcomments&post=15"}],"version-history":[{"count":45,"href":"http:\/\/www.malawintar.de\/index.php?rest_route=\/wp\/v2\/pages\/15\/revisions"}],"predecessor-version":[{"id":48,"href":"http:\/\/www.malawintar.de\/index.php?rest_route=\/wp\/v2\/pages\/15\/revisions\/48"}],"wp:featuredmedia":[{"embeddable":true,"href":"http:\/\/www.malawintar.de\/index.php?rest_route=\/wp\/v2\/media\/26"}],"wp:attachment":[{"href":"http:\/\/www.malawintar.de\/index.php?rest_route=%2Fwp%2Fv2%2Fmedia&parent=15"}],"curies":[{"name":"wp","href":"https:\/\/api.w.org\/{rel}","templated":true}]}}

Die Sünde zu erben (Krimi)

<p class="hide-if-no-js">Der Kriminalroman &#8222;Die Sünde zu erben&#8220; ist mein Erstlingswerk. Auslöser war eine bis dato nicht existente Szene, die mir plötzlich in den Kopf geschossen ist. Ein Trichter und Klebeband spielen dabei eine wichtige Rolle. Mehr will ich nicht verraten, aber dieses Bild ging mir nicht mehr aus dem Sinn. Ich stellte mir vor, wie es dazu gekommen sein könnte. Die Grundidee war geboren.</p>
<p><a href="http://www.malawintar.de/wp-content/uploads/2012/06/Suende-Cover-final.jpg"><img loading="lazy" class="alignnone size-full wp-image-219" title="Suende Cover final" src="http://www.malawintar.de/wp-content/uploads/2012/06/Suende-Cover-final.jpg" alt="" width="864" height="1225" srcset="http://www.malawintar.de/wp-content/uploads/2012/06/Suende-Cover-final.jpg 864w, http://www.malawintar.de/wp-content/uploads/2012/06/Suende-Cover-final-211x300.jpg 211w, http://www.malawintar.de/wp-content/uploads/2012/06/Suende-Cover-final-722x1024.jpg 722w" sizes="(max-width: 864px) 100vw, 864px" /></a></p>
<p>Kurzbeschreibung:<br />
Ein bekannter Forscher wird in seiner Villa ermordet. Die Art und Weise, in der man seinen verstümmelten Leichnam auffindet, gibt der Polizei Rätsel auf. Der Ermordete war in leitender Position an einem Forschungsunternehmen tätig, das erst kurz zuvor in einen Skandal verwickelt war, der durch die Medien ging. Kommissarin Tanja Dorn und ihre Kollegen werden angehalten, den Fall möglichst rasch und diskret abzuschließen. Keine leichte Aufgabe für Tanja Dorn, denn Diplomatie zählt nicht unbedingt zu ihren Stärken. Das macht sich im Umgang mit ihrem neuen Vorgesetzten bemerkbar und gipfelt darin, dass es ihr schon bald gelingt, einen einflussreichen Mann vor den Kopf zu stoßen, den sie als wichtigen Zeugen in ihren Ermittlungen befragen soll.</p>
<p><a href="http://www.amazon.de/Die-S%C3%BCnde-zu-erben-ebook/dp/B006WA6GEG/ref=ntt_at_ep_dpt_1" target="_blank">Die Sünde zu erben</a> ist bei Amazon als Taschenbuch und E-Book erhältlich.</p>
<p>Hörprobe (Kapitel 1):<br />
<iframe loading="lazy" width="584" height="438" src="http://www.youtube.com/embed/9meDSETZB1s?feature=oembed" frameborder="0" allowfullscreen></iframe></p>
<p>Trailer:<br />
<iframe loading="lazy" width="584" height="438" src="http://www.youtube.com/embed/ZU4pr8_VDno?feature=oembed" frameborder="0" allowfullscreen></iframe></p>
<p>Tanja, die Protagonistin dieser Geschichte, ist mir ans Herz gewachsen. Daher soll es einen weiteren Krimi mit dieser Figur geben. Die Fertigstellung des Folgeromans wird noch geraume Zeit in Anspruch nehmen, aber ich arbeite daran.</p>
<p><a href="http://www.malawintar.de/wp-content/uploads/2012/06/Wintar-Typo.jpg"><img loading="lazy" class="alignnone size-full wp-image-51" title="Visual Typo.indd" src="http://www.malawintar.de/wp-content/uploads/2012/06/Wintar-Typo.jpg" alt="" width="1701" height="771" srcset="http://www.malawintar.de/wp-content/uploads/2012/06/Wintar-Typo.jpg 1701w, http://www.malawintar.de/wp-content/uploads/2012/06/Wintar-Typo-300x135.jpg 300w, http://www.malawintar.de/wp-content/uploads/2012/06/Wintar-Typo-1024x464.jpg 1024w, http://www.malawintar.de/wp-content/uploads/2012/06/Wintar-Typo-500x226.jpg 500w" sizes="(max-width: 1701px) 100vw, 1701px" /></a></p>
<p>&nbsp;</p>

<p>Der Kriminalroman &#8222;Die Sünde zu erben&#8220; ist mein Erstlingswerk. Auslöser war eine bis dato nicht existente Szene, die mir plötzlich in den Kopf geschossen ist. Ein Trichter und Klebeband spielen dabei eine wichtige Rolle. Mehr will ich nicht verraten, aber &hellip; <a href="http://www.malawintar.de/?page_id=15">Weiterlesen <span class="meta-nav">&rarr;</span></a></p>
